. What is the remainder when t is divided by 35?
34
Suppose 0 = -6*f + q + 1107, -1331*f + 1336*f - 940 = 2*q. Calculate the remainder when f is divided by (-1)/((-2)/190) + 1.
86
Let u = 13866 + -13818. What is the remainder when 2780 is divided by u?
44
Suppose -92*d = -101*d + 1260. Calculate the remainder when 276 is divided by d.
136
Let o = -117 - -514. Calculate the remainder when o is divided by 5/((-30)/(-116)) - 54/(-81).
17
Let i = -19 - -5. Calculate the remainder when 2/(((-252)/1053)/i) is divided by 15.
12
Suppose 42*p = 39*p + 12. Suppose p*o = -0*d - 4*d + 316, 0 = 5*o - 4*d - 395. Calculate the remainder when 309 is divided by o.
72
Suppose 0 = 4*u - 4*r - 552, -5*u + 19*r - 15*r = -684. Calculate the remainder when 1583 is divided by u.
131
Suppose 0 = -14*f + 5*h + 5218, -2*f + 9*h = 6*h - 750. Calculate the remainder when 1368 is divided by f.
252
Let f = -241 - -545. Calculate the remainder when 297 is divided by (f/(-64) + 4*1)*-20.
12
What is the remainder when 531 is divided by -1*(-1)/((-10)/(-590))?
0
Let o(m) = -m**3 - 3*m**2 + m - 1. Let z = 55 + -60. What is the remainder when o(z) is divided by 31?
13
Suppose -3*j = -143 - 43. Let l = 1486 - 1478. Calculate the remainder when j is divided by l.
6
Suppose 7448 = 119*y - 5*y + 38*y. Calculate the remainder when 190 is divided by y.
43
Let p(w) = -2*w**3 - w**2 - 16*w + 5. Let n be p(-5). Let t = n - 280. Let v = 101 + -43. Calculate the remainder when v is divided by t.
28
Let s = -13855 - -13864. Calculate the remainder when 3071 is divided by s.
2
Suppose 4*d + 6 = 6*d. Suppose d*h = 15 - 3. Calculate the remainder when (-8)/(-2)*(4 - (-110)/(-40)) is divided by h.
1
Suppose -h - 1040 = -4*d, 1040 = 4*d - 127*h + 124*h. What is the remainder when d is divided by 34?
22
What is the remainder when (117/12)/((-12)/(-22) + (-9795)/18260) is divided by 40?
39
Let b(x) = -74*x**3 - 3*x**2 + 8*x + 11. Calculate the remainder when 353 is divided by b(-1).
57
Calculate the remainder when 6562 is divided by 23 + 16 + 69 - -26.
130
Suppose 3*l - f = 235, 4*l + l + f = 381. Suppose -19*p + j = -20*p + 171, -3*p + 5*j = -497. What is the remainder when p is divided by l?
15
Suppose 130*d - 4452 = 77*d. Calculate the remainder when 192 is divided by d.
24
Suppose 2*o = -u + 1011, 5*o - 1482 = -u - 459. Calculate the remainder when u is divided by 53.
49
Suppose -42*u = 19*u - 4453. What is the remainder when 162 is divided by u?
16
Let p = 174 - 181. Let w(o) = -o**3 - 5*o**2 + 13*o + 1. What is the remainder when w(p) is divided by 5?
3
Let d(j) = 3*j**2 + 11*j - 7. Let g = -65 + 66. Suppose 47 = 2*p + 5*b, p + g - 17 = -5*b. What is the remainder when p is divided by d(-5)?
5
Suppose 3*t - 8*t + 30 = 0. Suppose -2*y - v + 1182 = 3*v, -3*y + 5*v + 1806 = 0. Let q = -576 + y. What is the remainder when q is divided by t?
3
Let m(i) = 287*i - 1702. Calculate the remainder when m(23) is divided by 129.
126
Suppose -3*q + 7*t = 2*t - 1156, -4*t - 1536 = -4*q. What is the remainder when q is divided by 77?
74
Let q(o) = 32*o - 4. Let x be 8 - (-26905)/(-20) - 4/(-16). Let h = x + 1368. Calculate the remainder when q(3) is divided by h.
30
Let r = -4000 + 4048. What is the remainder when 527 is divided by r?
47
Suppose 0 = 4*s + 5*s - 513. Let l be (20/(-8) + 1)*2. Calculate the remainder when s is divided by ((-228)/18 - -6)*(l - 0).
17
Let q be 6/3 - (6/2 - 0). Let j be 6 - 4 - (q - 38). Let t = j + -24. What is the remainder when 31 is divided by t?
14
Let v(w) = 3*w**2 - 57*w + 376. What is the remainder when 1472 is divided by v(12)?
108
Suppose 87 = 2*t - 3*o, 3*t + 2*o = 2*t + 26. Suppose 2*w = -4*c - t + 178, 5*w - 280 = 5*c. What is the remainder when w is divided by 18?
7
Let v(y) = -41*y - 1117. What is the remainder when v(-36) is divided by 11?
7
Suppose 14*s - 18*s = -56. Calculate the remainder when 57 is divided by s + 3/4 + (-11)/4.
9
Calculate the remainder when -2 + 1 + (81 - -3) is divided by 43/((-387)/(-432)) - 21.
2
Let f(q) = -q**3 + 24*q**2 - 3*q + 3. Let p be f(24). Calculate the remainder when ((-59)/177)/(1/p) is divided by 9.
5
Suppose -5504 = 3696*l - 3712*l. What is the remainder when l is divided by 110?
14
Suppose -1664 = -216*u + 214*u + 3110. Calculate the remainder when u is divided by 114.
107
Let f(t) = t**2 - 26*t - 532. Calculate the remainder when 104 + 0 - 8/(-4) is divided by f(40).
22
Let s(l) = l**2 - 72*l + 1158. What is the remainder when 6321 is divided by s(50)?
57
Suppose 25*j = -j + 104. Suppose -205 = -j*m - 5*z, 5*m - 2*z + 15 = 296. Calculate the remainder when 162 is divided by m.
52
Let k be 12 + (-1)/((-5)/10). Suppose -25 - k = -f. Suppose 5*s = 3*w + 3*s - 21, -5*s + 15 = 0. Calculate the remainder when f is divided by w.
3
Suppose 0*b + 38 = b. Let c = -7310 - -7389. Calculate the remainder when c is divided by b.
3
Let w = 3500 - 3491. Calculate the remainder when 1329 is divided by w.
6
Suppose -4*z + 5*w = -0*z - 21, 5*z - 4*w - 24 = 0. Suppose -3*v = z*v - 126. Suppose -v*p + 76 = -14*p. What is the remainder when 35 is divided by p?
16
Let b(t) = 2*t**2 - 80*t - 302. Calculate the remainder when 2218 is divided by b(45).
146
Suppose -2*c = 30 - 844. Suppose -2*a - 397 = -c. Calculate the remainder when 67 is divided by a.
2
Let z be ((-1)/(-3))/(19/342). Let q be (21/(-4))/((-360)/(-64) - z). Suppose -q*p = -p - 52. What is the remainder when 17 is divided by p?
1
Let l = 85 + -79. Suppose 0 = l*c - 49 + 1729. Let m = 399 + c. What is the remainder when m is divided by 12?
11
Suppose -91*a + 36288 = 5*a. Calculate the remainder when a is divided by 128.
122
Suppose -y + 14*m = 16*m - 26, -y + 4*m + 8 = 0. What is the remainder when 446 is divided by y?
6
Let u = 9071 + -9052. What is the remainder when (3 + -2)/(3/255) is divided by u?
9
Suppose -12*t - 178*t = -83*t - 665326. Calculate the remainder when t is divided by 109.
5
Suppose 0 = -4*d + 2*m + 668, -5*m = 5*d - 0*d - 835. What is the remainder when 627 is divided by d?
126
Suppose 46*m + 3*k = 50*m - 94, -70 = -3*m + 2*k. Calculate the remainder when 361 is divided by m.
9
Suppose 3926 = 22*q + 4*q + 468. What is the remainder when q is divided by 77?
56
Suppose -74 = -23*n - 28. What is the remainder when 54 is divided by -2*n/(-4) - (10 + -24)?
9
Suppose 0 = -3*n + 3*d + 1818, -16*d = -n - 9*d + 618. Calculate the remainder when n is divided by 13.
6
Suppose -989 + 7289 = 100*u. What is the remainder when 435 is divided by u?
57
Let f = -51 + 56. Suppose 0 = -h, 12*q - f*h = 7*q + 450. What is the remainder when 81 is divided by 3/(15/139) + 18/q?
25
Let y = 4 + -4. Let w(x) = 9*x - 1. Let t be w(y). Calculate the remainder when t*(14/(-35) - 226/10) is divided by 5.
3
Let g(q) = -12*q**2 + q + 13. Calculate the remainder when 3899 is divided by g(0).
12
Calculate the remainder when (4 + -5)/(2/(-6910)) - (4 - -2) is divided by 66.
17
Suppose 57 = 5*u - 13*v + 15*v, 28 = 3*u - 5*v. What is the remainder when 86 is divided by u?
9
Let l(h) = h**3 - 6*h**2 - 2*h + 4. Calculate the remainder when 971 is divided by l(7).
35
Let v(q) = q**2 - 5*q + 5. Let f(p) = 3*p - 13. Let y be f(3). Let l = 1 - y. Calculate the remainder when 12 is divided by v(l).
2
Suppose -3*f - s = 112, 4*f - 3*s + 108 = f. Let n = 828256 - 828243. Calculate the remainder when f*(-2 + 1)*1 is divided by n.
11
Let z(r) = r**3 + r**2 + 2*r + 11. Let f be z(-2). Suppose f*d - 2*p - 20 = 43, -d + 5*p + 21 = 0. Calculate the remainder when 187 is divided by d.
19
Suppose -79 = 10*y + 211. What is the remainder when 82 is divided by (y/3)/(-7 + 180/27)?
24
What is the remainder when 374 is divided by -9 - -63 - (-9 - -21)?
38
Suppose 3*j = -5*t + 39, 5*j - 91 = 4*t - 26. Suppose -j*g + 396 = -930. What is the remainder when g is divided by 12?
6
Let y be 13 - 18 - (-1 + 0). What is the remainder when ((-3)/y)/((-21)/(-2968)) is divided by 56?
50
Suppose -4*p + 579 = h, 42*p - 587 = -h + 46*p. What is the remainder when h is divided by 80?
23
Suppose 0 = -5*b + 3*x + 1047, 26*b = 28*b + 5*x - 425. Calculate the remainder when b is divided by 45.
30
Suppose -3*s = -j + 816, 2*s - 8*j + 554 = -4*j. Let x = 383 + s. Calculate the remainder when x is divided by 23.
20
Suppose 0 = -5*x - 5*l + 